hat is the hundreds digit of z?
1
Let m(g) = -3*g - g + 0*g + 5 + 3*g. Let p be m(4). Suppose 0 = 5*v - 9 - p. What is the units digit of v?
2
Let a(i) = i + 10. Let b be a(-6). Let n be (2/5)/(b/20). Suppose 3 = o + n. What is the units digit of o?
1
Suppose -2*f - 7 - 10 = 5*l, 0 = -2*f + l + 13. Let g(w) be the second derivative of w**3/6 + 5*w**2/2 + 9*w. What is the units digit of g(f)?
9
Let d(y) = y**2 - y - 6. Let u be d(5). Let c = -14 + 7. Let g = u - c. What is the tens digit of g?
2
Suppose 2*i - 2*w = -0*i + 8, -2 = -w. Suppose i + 34 = 4*b. What is the tens digit of b?
1
Suppose 21*p = 25*p - 88. What is the tens digit of p?
2
What is the tens digit of (196/8)/(2/4)?
4
Let d(m) = 3*m - 11. Suppose -2*s + 4*r - 6 = 0, s + 3*r - 24 = -7. What is the units digit of d(s)?
4
Let r be 2*(3 - (-28)/(-8)). What is the tens digit of ((-1)/(-1))/(r/(-24))?
2
Suppose 17*d = 12*d + 835. What is the units digit of d?
7
Suppose -2*r - 46 = -4*l + 94, -2*l - 2*r + 82 = 0. Let c = l - 21. What is the units digit of c?
6
Let h = 0 - 0. Let f(b) = b + 13. Let m be f(0). Suppose -s - 3*s + 5*w - m = 0, s + 2*w - 13 = h. What is the units digit of s?
3
Let s(o) = -o + 4. Let a be s(0). Let g = a - 3. What is the units digit of -1 + (6 - (-2 + g))?
6
Let z(x) = -x**2 - 8*x + 2. Let u = -2 - 4. Let r be z(u). Let t = r - 9. What is the units digit of t?
5
Suppose 3*t + 2*g - 54 = 65, -174 = -4*t + 5*g. What is the units digit of t?
1
Suppose -u + 2*j + 53 = 0, -3*u = 2*u - 4*j - 295. What is the units digit of u?
3
Let c = -42 - -30. What is the tens digit of 1/(-4) - 399/c?
3
Suppose 2*v - 5 - 5 = 0, -4*v + 18 = 2*d. What is the units digit of d + (2 - 0) - -3?
4
Let r = 1 + 15. What is the tens digit of r?
1
Let d(b) = b**2 + 293. What is the tens digit of d(0)?
9
Suppose 3*r - 1 - 5 = 0. What is the units digit of r?
2
Let k be ((-10)/8)/((-2)/8). Suppose 5*l + 0*l = -15, -k*s + 53 = -l. What is the units digit of s?
0
Let n be (0 + 2 + -8)*3. Let y = -8 - n. What is the units digit of y?
0
What is the tens digit of 16/32 - 193/(-2)?
9
Let r(p) = p**3 + 14*p**2 + 17*p - 2. What is the tens digit of r(-12)?
8
Let z be (-5)/(-10) + 70/(-4). What is the tens digit of (-4)/(-2) - 1 - z?
1
Let d(p) = 11*p**2. Let z = 2 + 0. What is the units digit of d(z)?
4
Let z(s) = -s**3 + 3*s**2 - 1. Let g be z(3). What is the tens digit of g - 6/3 - -20?
1
Let t(b) = 5*b**3 - b + 1. Let x be t(1). Suppose p - x = -1. Suppose -p*s + 9 = -4*y + y, -s - 3*y + 6 = 0. What is the units digit of s?
3
Let q(h) = 4*h**2 - h + 1. Let m be q(1). Let w(b) = b**2 + 2*b - 3. What is the tens digit of w(m)?
2
Let r be -3 + (-3 - 12/(-4)). Let c be 2 - (-6 + 1 + 1). Let t = c + r. What is the units digit of t?
3
Suppose -2*u - 1 + 33 = 0. Let z = u + -11. Let y = 16 - z. What is the tens digit of y?
1
Let o be (-1)/2*-4 + 1. Let h be o + (1 + -2 - -3). Suppose 0 = q + 3*i + i - h, -26 = -3*q - i. What is the units digit of q?
9
Let p(s) = -s**3 + 8*s**2 - 6*s + 10. What is the units digit of p(5)?
5
Let d = 7 - 0. Let v = 19 - d. What is the tens digit of v?
1
What is the units digit of 10/3*135/10?
5
Suppose 6*p - 270 = p. What is the tens digit of (p/(-5))/((-12)/30)?
2
Let m(g) be the second derivative of g**4/4 - 2*g**3/3 - g**2/2 + g. What is the tens digit of m(3)?
1
Let u(o) = -2 - 4 + 3 + 3*o + 2. Let z be u(3). Let a = z - 1. What is the units digit of a?
7
Suppose 4 = -2*r, 2*r = -3*x + 3*r + 29. Suppose -3*o + 0*o + x = 3*i, 36 = 4*i - 4*o. What is the units digit of i?
6
Let r(m) = -m**3 - 9*m**2 + m + 13. Suppose -6*t = -9*t - 27. What is the units digit of r(t)?
4
Let i(g) = 2*g**3 - 2*g - 4. What is the units digit of i(3)?
4
Let d be -3 - (-3 - 0) - -3. Suppose -4*b + 8 + 16 = 2*t, 5 = 5*t - b. Suppose 3*g + 9 = d*w, -t*w + 3*w = -4*g + 13. What is the units digit of g?
2
Suppose -5 = t, -5*b - 2*t = -5*t + 145. Let w = -75 + 53. Let i = w - b. What is the tens digit of i?
1
Suppose -3*g = -g - 3*o - 139, -2*g - 2*o = -124. What is the tens digit of g?
6
Let h(c) = 16*c**3. Suppose -m = -4, -2*m - 3*m = 3*x - 23. What is the tens digit of h(x)?
1
Suppose 134 = 28*v - 27*v. What is the tens digit of v?
3
Suppose -4*f + 22 = -102. What is the units digit of f?
1
Let u = -1 - -5. Suppose -u = -4*b - 0*b. What is the units digit of b?
1
Suppose -5*f + 49 = 2*b, 4*f - 50 = 3*b - b. What is the units digit of f?
1
Let i be 327/21 + (-6)/(-14). Suppose 5 = v, 3*b - 15 = 4*v + i. What is the units digit of b?
7
Let r = -5 + 5. Suppose r*x + c = 3*x - 14, x - 12 = 4*c. What is the units digit of x?
4
Let o be 4/24 - (-239)/6. Suppose -s + 0*s + o = 0. What is the tens digit of s?
4
Suppose -5*o - 32 = 3*b + 5, 5*b + o = -25. Let h be 28/(-13) + 2/13. What is the units digit of (-3*b/(-6))/h?
1
Let f(j) = 4*j - 8. What is the tens digit of f(5)?
1
Suppose -s = 11 - 34. Let x = -16 + s. What is the units digit of x?
7
Suppose 26 = 9*p - 10*p. Let s = 42 + p. What is the tens digit of s?
1
Suppose 0 = 4*j + 3*p - 2*p - 299, 5*p + 177 = 2*j. What is the tens digit of j?
7
Suppose 0*x - 196 = -4*x. What is the units digit of x?
9
Suppose 9*v - 3*v = 240. What is the tens digit of v?
4
Suppose 4*k - 25 - 3 = 0. Let s be 16/k + (-2)/7. What is the units digit of -2 + (-1 - s) + 6?
1
Suppose 0 = -5*a + 7 + 3. Let j(f) = -f**3 + 2*f**2. Let p be j(a). Let n(m) = m**3 + m**2 + 3. What is the units digit of n(p)?
3
Suppose -u + s + 55 = 0, -3*s - 232 = -4*u - 8. What is the units digit of u?
9
Suppose 2*i = 3*i + 5. Let y = 6 + i. What is the units digit of y?
1
Suppose -24 = 3*a - 6. Let m(b) = -b**3 - 5*b**2 + 5*b - 4. Let o be m(a). Suppose 3*y - 22 = -y - 5*j, 2 = -o*y + 4*j. What is the units digit of y?
3
Let o(r) = r**3 + 7*r**2 - 10*r - 9. Let l be o(-8). Let n be 2 - (-1 + 2 + 1). Suppose n = -3*p + 2*p + l. What is the units digit of p?
7
Suppose -12 = 2*x - 3*s, -x - 4*s + 6 = -10. Suppose x = 5*u - 10 - 0. What is the units digit of u?
2
Suppose 2*i - 39 + 1 = 2*v, 0 = 2*i - 5*v - 35. What is the units digit of i?
0
Suppose -4*d = 19 - 279. Let c = -16 + d. What is the units digit of c?
9
Suppose -n - 621 = -6*p + 3*p, 3*p - 639 = -5*n. What is the tens digit of p?
0
Suppose -774 = -11*u + 2*u. What is the units digit of u?
6
Let c(s) be the first derivative of s**5/60 + 7*s**4/24 - s**3/6 - s**2 + 2. Let o(r) be the second derivative of c(r). What is the units digit of o(-8)?
7
Suppose -4*h + 4 = 0, 2*p = -2*p - 3*h - 21. Let g(y) = y**2 - 2*y - 8. What is the tens digit of g(p)?
4
Let n = -37 + 141. What is the tens digit of n?
0
Suppose 3*q - 6*q - 3 = 0. What is the units digit of (-16)/q - (4 - 3)?
5
Suppose -4*i - i = -30. Let x be (16/24)/((-2)/i). What is the units digit of x/(-8) + (-31)/(-4)?
8
Suppose 2*k + 9 = -2*k + 5*n, n + 9 = -k. Let g be k/((-3)/(-1) - 2). What is the units digit of (-105)/g - (-4)/(-8)?
7
Suppose 3*c + 192 = -c. Let i = -24 - c. Suppose -t - t = -5*w - i, 5*w = -5*t - 10. What is the units digit of t?
2
Let x = -9 - -3. What is the units digit of (8 + x)/(2/20)?
0
Let w(u) = -2*u**3 - 21*u**2 + 3*u - 18. Let z(l) = -l**3 - 11*l**2 + l - 9. Let p(b) = 3*w(b) - 5*z(b). What is the tens digit of p(-9)?
3
Suppose -t + 29 = 5*w - 49, 2*t - 5*w - 171 = 0. What is the tens digit of t?
8
Suppose k = -4*j - 15, 3*k + 12 = -2*k + j. Let o = 31 + -16. Let s = k + o. What is the tens digit of s?
1
Let f(p) be the second derivative of p**7/2520 - p**6/720 + p**5/120 + p**4/12 + 2*p. Let n(c) be the third derivative of f(c). What is the units digit of n(2)?
3
Suppose -3*z + 12 + 9 = 0. Let h = 17 + -7. Let i = h + z. What is the units digit of i?
7
Let a be (-8)/6*1*-3. Suppose a*p - 30 = 14. What is the units digit of p?
1
Suppose 3*x + 10 = -14. Let o(f) = -f**2 + 9*f - 6*f**2 + 8 - f + 0 - f**3. What is the units digit of o(x)?
8
Let n be (6/1)/(-3) - -10. Let s be (-2)/(-5) - n/20. Let z = 4 + s. What is the units digit of z?
4
Let z(k) be the first derivative of -k**4/4 + 2*k**3 + 4*k**2 - 2*k + 4. Let q be 4/(-10) - 37/(-5). What is the units digit of z(q)?
5
What is the units digit of (-2)/4 - 55/(-2)?
7
Let j be (-7 + 1 - 0)/1. Let o be ((-3)/j)/(1/(-2)). What is the units digit of 1/(o*1/(-3))?
3
Let w = -6 + 11. Suppose -w*n + 35 = 5*s